e remainder when 12 is divided by y*6/(-27)*-6?
0
Let l(g) = -82*g - 184. Calculate the remainder when l(-5) is divided by 38.
36
Let d(q) = -42*q + 74. Calculate the remainder when d(-5) is divided by 95.
94
Suppose -1 - 2 = -m. Suppose m*q + 402 = 6*q. What is the remainder when q is divided by 27?
26
Calculate the remainder when 159 is divided by 54/(-6)*-4 + 4.
39
Let a(z) = z**2 - 2*z - 11. Let t(o) = -7*o + 11. Let b be t(-5). Let h = b - 28. Calculate the remainder when a(10) is divided by h.
15
Suppose 0 = -0*a + 2*a + 2, a = -4*w + 159. What is the remainder when 117 is divided by w?
37
Suppose -6*s = -11*s + 285. Suppose -60*l = -s*l - 93. Calculate the remainder when l is divided by 11.
9
Let c(r) = 7*r**3 - r**2 - 4*r. Calculate the remainder when 173 is divided by c(2).
41
Suppose 0 = 4*o + 16, 2*x - 5*x + 52 = -4*o. Let z = x + 30. Suppose -n + 24 = 2*j - 19, 0 = j + 4*n - 11. What is the remainder when z is divided by j?
19
Let r(i) = -i**3 - 7*i**2 - 2*i + 1. Let t(j) = j**2 + 60*j + 718. Calculate the remainder when t(-45) is divided by r(-7).
13
Let k(q) = -q**3 - 11*q**2 + 10*q + 84. Let o be k(-9). Calculate the remainder when (14*(-16)/o)/(1/6) is divided by 2/(-5) + (-27)/(-5).
3
Let p(g) = 2*g**2 + 3*g - 55. Calculate the remainder when p(13) is divided by 52.
10
Let q = 587 + -471. What is the remainder when q is divided by 60?
56
Suppose 15 = l - 4*l, -4*l - 89 = -s. Suppose 5*k - 56 = s. Suppose 5*a + 10 = 0, -5*m - 4*a - a + 25 = 0. What is the remainder when k is divided by m?
4
Let u = -75 - -242. What is the remainder when u is divided by 10?
7
Let w = -95 - -48. Let o be 2/7 + (-60)/14. Calculate the remainder when (w + -1)/(3/o) is divided by 22.
20
Suppose -26*v - 236 = -30*v. Let p(k) = -3*k - 7. Calculate the remainder when v is divided by p(-9).
19
Let x = -281 - -287. What is the remainder when 58 is divided by x?
4
Suppose 0 = -2*t - 3*t + 4*n + 196, t - 5*n = 56. What is the remainder when 75 is divided by 584/t - 4/18?
11
Let g(u) = -4 - 24 - 10 - 7*u. Calculate the remainder when 15 is divided by g(-7).
4
Let t = 594 - 536. What is the remainder when 338 is divided by t?
48
Let c(g) = -g**3 + 7*g**2 + 2*g - 5. Let p(t) = -t**3 - 15*t**2 - 14*t + 15. What is the remainder when p(-14) is divided by c(7)?
6
Calculate the remainder when (-48 - -169) + 1 + (-1 - 2) is divided by 18.
11
Suppose x = 6*x + 5. Let b be -10 - -7 - 3/x. Suppose 0 = 5*j - 5*d - 295, b*j = -3*j + d + 183. What is the remainder when j is divided by 16?
14
Suppose -4*m = -9*m + 15. Let g be (-4)/(6/m) + -23. Let i = 36 + g. Calculate the remainder when i is divided by 4.
3
Let f(x) = x - 5. Let w be f(6). Let r = 5 - w. Calculate the remainder when r is divided by 2.
0
Suppose -200 = 12*v - 1196. What is the remainder when v is divided by 29?
25
Suppose -b = 402 - 411. What is the remainder when 132 is divided by b?
6
Let q(n) = -n**3 + 4*n**2 - 3*n + 1. Let u be q(3). Let i(z) = 9*z**3 + z**2. Let j(v) = 2*v**2. What is the remainder when j(-3) is divided by i(u)?
8
What is the remainder when (-14)/2 - -4*(-830)/(-20) is divided by 80?
79
Let v(p) = -p**3 - 9*p**2 + 10*p + 2. Suppose 10*q + 20 = 8*q. Let f = -1 + 7. What is the remainder when f is divided by v(q)?
0
Suppose 47*o - 260 = -4*n + 43*o, 2*o = 3*n - 175. What is the remainder when 608 is divided by n?
59
Let a(u) = -46 - 22*u + 7*u + 17 + 15. What is the remainder when a(-2) is divided by ((-2)/6)/(3/(-27))?
1
Calculate the remainder when (1/3)/((-14)/(-588)) is divided by 8.
6
Suppose 0 = 6*f - 1 - 47. Let v(z) = 16*z - 33. What is the remainder when v(f) is divided by 25?
20
Let r(y) = -5*y + 2*y**2 + 15*y + 6 - 8*y + 15*y. Calculate the remainder when r(-9) is divided by 3.
0
Let a = -112 - -108. Calculate the remainder when 13 is divided by (228/95)/(a/(-10)).
1
Let g be (-3)/((-12)/7) + 1/4. Let q = 30 - g. What is the remainder when q is divided by 10?
8
Let v(j) = 53*j**2 - 3*j + 5. What is the remainder when v(1) is divided by 31?
24
Let v(j) = 16*j**2 - 3*j + 5. What is the remainder when 249 is divided by v(1)?
15
Suppose -3*o + 3 = -123. Calculate the remainder when 77 is divided by o.
35
Let l = 22 + -49. Let p = -24 - l. Suppose 7*h = p*h + 292. Calculate the remainder when h is divided by 25.
23
Suppose -w = -2*d - 2 + 110, -d + 54 = 5*w. Suppose -50 = -3*t + 1. Let l = 2 + t. What is the remainder when d is divided by l?
16
Let o be (-27)/(-2)*684/27. Suppose -3*y + 0*y - 5*d = -382, 3*d + o = 3*y. What is the remainder when y is divided by 15?
14
Let f(a) = 181*a**3 - 2*a**2 + a + 1. What is the remainder when f(1) is divided by 27?
19
What is the remainder when 136/(-952)*53*-7 is divided by 22?
9
Suppose -27 = -3*a - 4*p, -2*a + 4*p - 7*p + 19 = 0. Suppose -4*m + a*m - 2*j - 10 = 0, 0 = -m + 5*j + 13. Calculate the remainder when 31 is divided by m.
7
Suppose 0 = 13*t - 8*t - 50. Suppose -4*d = -4*s + 40, -5*d + 8 = -s - t*d. Calculate the remainder when 12 is divided by s.
5
Let s = 28 - 25. Suppose -2*q = s*q - 610. What is the remainder when q is divided by 31?
29
Suppose 25*a + 472 = 29*a. Calculate the remainder when a is divided by 20.
18
Let k = 26 - 62. Let c = 100 + k. What is the remainder when c is divided by (-99)/(-6)*(-12)/(-9)?
20
Suppose f + k = 14, -f - 4*k = -8*k - 24. What is the remainder when f is divided by 11?
5
Let k(h) = 20*h**3 - h**2 + h - 1. Let v(r) = r**3 - 9*r**2 + 11*r - 3. Let t be v(7). Let w = 30 - t. What is the remainder when w is divided by k(1)?
16
Calculate the remainder when ((-3)/(-7) + -7)/(4/(-28)) is divided by (-82)/(-5) + 2/(-5).
14
Suppose 0 = -7*c - c - 3*c. Suppose -d + 126 = -b, -2*d + b = -c*b - 248. Calculate the remainder when d is divided by 31.
29
Suppose -4*t - 61 = -1397. What is the remainder when t is divided by 16?
14
Let r = -14 - -17. Suppose f = -3*t - r*f + 24, -t + 8 = -3*f. Calculate the remainder when (830/18 - -1) + 5/(-45) is divided by t.
7
Let v be 22/33 - (-2)/6. What is the remainder when (-109)/((-5)/(5/v)) is divided by 28?
25
Let o be (-1 - -2)*(8 - 1). Suppose c + 4*b - 2 = o, -3*b = 4*c - 36. Calculate the remainder when 24 is divided by c.
6
What is the remainder when 132 is divided by (1 + 590/(-50))/((-6)/15)?
24
Let l = -84 - -92. Calculate the remainder when 54 is divided by l.
6
Let i = -18 + 30. Let q = -300 + 212. What is the remainder when 9/1*q/(-24) is divided by i?
9
Let l(f) = f**2 + 18*f + 1. Let j be l(-17). What is the remainder when 54 is divided by (-10)/j*22 + (-3)/(-12)?
12
Suppose -6*q + 13 + 17 = 0. What is the remainder when 13 is divided by q?
3
Let w = 16 + -8. Suppose -4*m = -9*m - 3*l + 63, 5*l - 29 = -2*m. What is the remainder when m is divided by w?
4
Let v be -1*(-10)/2*1. Suppose -2*h - v*s + 109 = -29, -2*s = -h + 51. Let t = 20 + 0. Calculate the remainder when h is divided by t.
19
Suppose 0 = -q - 3, -3*a + 2*q + 21 = -18. Calculate the remainder when 52 is divided by a.
8
Let c = 170 - -273. Calculate the remainder when c is divided by 219.
5
Let l = -65 + 39. Let g = l + 40. Calculate the remainder when g is divided by 9.
5
Suppose -r + 7 + 28 = 0. Calculate the remainder when 201 is divided by r.
26
What is the remainder when 493 is divided by (-24)/(-12)*33/6?
9
Let v(c) = -c**2 + 25*c - 51. Let n be v(21). Suppose 7*x + n = 3*o + 4*x, -2*o + 14 = 2*x. Calculate the remainder when o is divided by 9.
0
Suppose -4*d = -l + 3*l - 18, 2*d = -3*l + 27. Calculate the remainder when 35 is divided by l.
8
What is the remainder when 178 is divided by (-2 - 30/(-25))/(2/(-150))?
58
Let o = -12 + 14. Suppose -o*s - 5*r = 3*s, 2*s = 2*r. Suppose 0 = -s*f - f + 10. What is the remainder when f is divided by 6?
4
Let q(t) = t**3 - 3*t**2 + 3*t - 8. What is the remainder when 113 is divided by q(4)?
13
Calculate the remainder when 272 is divided by (-1872)/240*10/(-6).
12
Let a(n) = -n**3 - 7*n**2 - 5*n + 4. Let p be a(-6). Let w = 9 - p. What is the remainder when 30 is divided by w?
8
Calculate the remainder when (-4)/(-10) + (-699)/(-15) is divided by 13.
8
Let l(m) = -m**3 + 10*m**2 + m - 12. Let s be l(10). Let g = 9 - s. Calculate the remainder when 7 is divided by (g - 4) + -1*3.
3
Let b = -35 - -50. Suppose 5*z - 4*v = -0*v + 578, -5*v = -